{"id":284,"date":"2020-10-12T17:13:19","date_gmt":"2020-10-12T15:13:19","guid":{"rendered":"http:\/\/dsoudoplatoff.fr\/?page_id=284"},"modified":"2025-03-12T17:47:34","modified_gmt":"2025-03-12T16:47:34","slug":"sensibles-presences","status":"publish","type":"page","link":"http:\/\/dsoudoplatoff.fr\/index.php\/sensibles-presences\/","title":{"rendered":"SENSIBLES PRESENCES"},"content":{"rendered":"\t\t<div data-elementor-type=\"wp-page\" data-elementor-id=\"284\" class=\"elementor elementor-284\">\n\t\t\t\t\t\t<div class=\"elementor-inner\">\n\t\t\t\t<div class=\"elementor-section-wrap\">\n\t\t\t\t\t\t\t\t\t<section class=\"elementor-section elementor-top-section elementor-element elementor-element-9c783bf elementor-section-boxed elementor-section-height-default elementor-section-height-default\" data-id=\"9c783bf\" data-element_type=\"section\">\n\t\t\t\t\t\t<div class=\"elementor-container elementor-column-gap-default\">\n\t\t\t\t\t\t\t<div class=\"elementor-row\">\n\t\t\t\t\t<div class=\"elementor-column elementor-col-100 elementor-top-column elementor-element elementor-element-ed4fc23\" data-id=\"ed4fc23\" data-element_type=\"column\">\n\t\t\t<div class=\"elementor-column-wrap elementor-element-populated\">\n\t\t\t\t\t\t\t<div class=\"elementor-widget-wrap\">\n\t\t\t\t\t\t<div class=\"elementor-element elementor-element-ea243e2 elementor-widget elementor-widget-heading\" data-id=\"ea243e2\" data-element_type=\"widget\" data-widget_type=\"heading.default\">\n\t\t\t\t<div class=\"elementor-widget-container\">\n\t\t\t<h2 class=\"elementor-heading-title elementor-size-default\">SENSIBLES PRESENCES <\/h2>\t\t<\/div>\n\t\t\t\t<\/div>\n\t\t\t\t<div class=\"elementor-element elementor-element-4139e66 elementor-widget elementor-widget-image-gallery\" data-id=\"4139e66\" data-element_type=\"widget\" data-widget_type=\"image-gallery.default\">\n\t\t\t\t<div class=\"elementor-widget-container\">\n\t\t\t\t\t<div class=\"elementor-image-gallery\">\n\t\t\t<div id='gallery-1' class='gallery galleryid-284 gallery-columns-2 gallery-size-full'><figure class='gallery-item'>\n\t\t\t<div class='gallery-icon portrait'>\n\t\t\t\t<a data-elementor-open-lightbox=\"yes\" data-elementor-lightbox-slideshow=\"4139e66\" data-elementor-lightbox-title=\"monotype\" e-action-hash=\"#elementor-action%3Aaction%3Dlightbox%26settings%3DeyJpZCI6Mjg3LCJ1cmwiOiJodHRwOlwvXC9kc291ZG9wbGF0b2ZmLmZyXC93cC1jb250ZW50XC91cGxvYWRzXC8yMDIwXC8xMFwvOTk5Ny5qcGciLCJzbGlkZXNob3ciOiI0MTM5ZTY2In0%3D\" href='http:\/\/dsoudoplatoff.fr\/wp-content\/uploads\/2020\/10\/9997.jpg'><img width=\"1700\" height=\"2267\" src=\"http:\/\/dsoudoplatoff.fr\/wp-content\/uploads\/2020\/10\/9997.jpg\" class=\"attachment-full size-full\" alt=\"\" loading=\"lazy\" srcset=\"http:\/\/dsoudoplatoff.fr\/wp-content\/uploads\/2020\/10\/9997.jpg 1700w, http:\/\/dsoudoplatoff.fr\/wp-content\/uploads\/2020\/10\/9997-416x555.jpg 416w, http:\/\/dsoudoplatoff.fr\/wp-content\/uploads\/2020\/10\/9997-225x300.jpg 225w, http:\/\/dsoudoplatoff.fr\/wp-content\/uploads\/2020\/10\/9997-768x1024.jpg 768w, http:\/\/dsoudoplatoff.fr\/wp-content\/uploads\/2020\/10\/9997-1152x1536.jpg 1152w, http:\/\/dsoudoplatoff.fr\/wp-content\/uploads\/2020\/10\/9997-1536x2048.jpg 1536w\" sizes=\"(max-width: 1700px) 100vw, 1700px\" \/><\/a>\n\t\t\t<\/div><\/figure><figure class='gallery-item'>\n\t\t\t<div class='gallery-icon portrait'>\n\t\t\t\t<a data-elementor-open-lightbox=\"yes\" data-elementor-lightbox-slideshow=\"4139e66\" data-elementor-lightbox-title=\"terre et verre - 15cm H\" e-action-hash=\"#elementor-action%3Aaction%3Dlightbox%26settings%3DeyJpZCI6Mjg2LCJ1cmwiOiJodHRwOlwvXC9kc291ZG9wbGF0b2ZmLmZyXC93cC1jb250ZW50XC91cGxvYWRzXC8yMDIwXC8xMFwvMDIxOC1zY2FsZWQuanBnIiwic2xpZGVzaG93IjoiNDEzOWU2NiJ9\" href='http:\/\/dsoudoplatoff.fr\/wp-content\/uploads\/2020\/10\/0218-scaled.jpg'><img width=\"1920\" height=\"2560\" src=\"http:\/\/dsoudoplatoff.fr\/wp-content\/uploads\/2020\/10\/0218-scaled.jpg\" class=\"attachment-full size-full\" alt=\"\" loading=\"lazy\" srcset=\"http:\/\/dsoudoplatoff.fr\/wp-content\/uploads\/2020\/10\/0218-scaled.jpg 1920w, http:\/\/dsoudoplatoff.fr\/wp-content\/uploads\/2020\/10\/0218-scaled-416x555.jpg 416w, http:\/\/dsoudoplatoff.fr\/wp-content\/uploads\/2020\/10\/0218-225x300.jpg 225w, http:\/\/dsoudoplatoff.fr\/wp-content\/uploads\/2020\/10\/0218-768x1024.jpg 768w, http:\/\/dsoudoplatoff.fr\/wp-content\/uploads\/2020\/10\/0218-1152x1536.jpg 1152w, http:\/\/dsoudoplatoff.fr\/wp-content\/uploads\/2020\/10\/0218-1536x2048.jpg 1536w\" sizes=\"(max-width: 1920px) 100vw, 1920px\" \/><\/a>\n\t\t\t<\/div><\/figure>\n\t\t<\/div>\n\t\t<\/div>\n\t\t\t\t<\/div>\n\t\t\t\t<\/div>\n\t\t\t\t\t\t<\/div>\n\t\t\t\t\t<\/div>\n\t\t<\/div>\n\t\t\t\t\t\t\t\t<\/div>\n\t\t\t\t\t<\/div>\n\t\t<\/section>\n\t\t\t\t<section class=\"elementor-section elementor-top-section elementor-element elementor-element-aad6cba elementor-section-boxed elementor-section-height-default elementor-section-height-default\" data-id=\"aad6cba\" data-element_type=\"section\">\n\t\t\t\t\t\t<div class=\"elementor-container elementor-column-gap-default\">\n\t\t\t\t\t\t\t<div class=\"elementor-row\">\n\t\t\t\t\t<div class=\"elementor-column elementor-col-100 elementor-top-column elementor-element elementor-element-03f4f6a\" data-id=\"03f4f6a\" data-element_type=\"column\">\n\t\t\t<div class=\"elementor-column-wrap elementor-element-populated\">\n\t\t\t\t\t\t\t<div class=\"elementor-widget-wrap\">\n\t\t\t\t\t\t<div class=\"elementor-element elementor-element-6f335d8 elementor-widget elementor-widget-text-editor\" data-id=\"6f335d8\" data-element_type=\"widget\" data-widget_type=\"text-editor.default\">\n\t\t\t\t<div class=\"elementor-widget-container\">\n\t\t\t\t\t\t\t\t<div class=\"elementor-text-editor elementor-clearfix\">\n\t\t\t\t<p><em>Sensibles pr\u00e9sences : figures ou visages, peints ou sculpt\u00e9s, comme n\u00e9s du dessin de la veine d&#8217;une pierre, de l&#8217;ar\u00eate vigoureuse d&#8217;un \u00e9clat de marbre, Dominique Soudoplatoff, en toute sobri\u00e9t\u00e9, saisit l&#8217;essence du visage pour en r\u00e9v\u00e9ler la vie. Ses figures humaines s&#8217;\u00e9l\u00e8vent, verticales intemporelles, lumineuses, minimales, \u00e9voquant tant la s\u00e9r\u00e9nit\u00e9 d&#8217;une pr\u00e9sence que sa fragilit\u00e9 intrins\u00e8que. Laurence Mauguin. <\/em>Exposition \u00e0 la Galerie Mauguin &#8211; Septembre 2019<\/p>\t\t\t\t\t<\/div>\n\t\t\t\t\t\t<\/div>\n\t\t\t\t<\/div>\n\t\t\t\t\t\t<\/div>\n\t\t\t\t\t<\/div>\n\t\t<\/div>\n\t\t\t\t\t\t\t\t<\/div>\n\t\t\t\t\t<\/div>\n\t\t<\/section>\n\t\t\t\t<section class=\"elementor-section elementor-top-section elementor-element elementor-element-a47cde7 elementor-section-boxed elementor-section-height-default elementor-section-height-default\" data-id=\"a47cde7\" data-element_type=\"section\">\n\t\t\t\t\t\t<div class=\"elementor-container elementor-column-gap-default\">\n\t\t\t\t\t\t\t<div class=\"elementor-row\">\n\t\t\t\t\t<div class=\"elementor-column elementor-col-100 elementor-top-column elementor-element elementor-element-a4aa03d\" data-id=\"a4aa03d\" data-element_type=\"column\">\n\t\t\t<div class=\"elementor-column-wrap elementor-element-populated\">\n\t\t\t\t\t\t\t<div class=\"elementor-widget-wrap\">\n\t\t\t\t\t\t<div class=\"elementor-element elementor-element-4a3e1e9 elementor-widget elementor-widget-image-gallery\" data-id=\"4a3e1e9\" data-element_type=\"widget\" data-widget_type=\"image-gallery.default\">\n\t\t\t\t<div class=\"elementor-widget-container\">\n\t\t\t\t\t<div class=\"elementor-image-gallery\">\n\t\t\t<div id='gallery-2' class='gallery galleryid-284 gallery-columns-3 gallery-size-full'><figure class='gallery-item'>\n\t\t\t<div class='gallery-icon portrait'>\n\t\t\t\t<a data-elementor-open-lightbox=\"yes\" data-elementor-lightbox-slideshow=\"4a3e1e9\" data-elementor-lightbox-title=\"marbre et terre - 07cm H\" e-action-hash=\"#elementor-action%3Aaction%3Dlightbox%26settings%3DeyJpZCI6NTU5LCJ1cmwiOiJodHRwOlwvXC9kc291ZG9wbGF0b2ZmLmZyXC93cC1jb250ZW50XC91cGxvYWRzXC8yMDIwXC8xMVwvTUdfMDI3OV8uanBnIiwic2xpZGVzaG93IjoiNGEzZTFlOSJ9\" href='http:\/\/dsoudoplatoff.fr\/wp-content\/uploads\/2020\/11\/MG_0279_.jpg'><img width=\"1500\" height=\"2000\" src=\"http:\/\/dsoudoplatoff.fr\/wp-content\/uploads\/2020\/11\/MG_0279_.jpg\" class=\"attachment-full size-full\" alt=\"\" loading=\"lazy\" srcset=\"http:\/\/dsoudoplatoff.fr\/wp-content\/uploads\/2020\/11\/MG_0279_.jpg 1500w, http:\/\/dsoudoplatoff.fr\/wp-content\/uploads\/2020\/11\/MG_0279_-416x555.jpg 416w, http:\/\/dsoudoplatoff.fr\/wp-content\/uploads\/2020\/11\/MG_0279_-225x300.jpg 225w, http:\/\/dsoudoplatoff.fr\/wp-content\/uploads\/2020\/11\/MG_0279_-768x1024.jpg 768w, http:\/\/dsoudoplatoff.fr\/wp-content\/uploads\/2020\/11\/MG_0279_-1152x1536.jpg 1152w\" sizes=\"(max-width: 1500px) 100vw, 1500px\" \/><\/a>\n\t\t\t<\/div><\/figure><figure class='gallery-item'>\n\t\t\t<div class='gallery-icon portrait'>\n\t\t\t\t<a data-elementor-open-lightbox=\"yes\" data-elementor-lightbox-slideshow=\"4a3e1e9\" data-elementor-lightbox-title=\"marbre et terre - 10cm H\" e-action-hash=\"#elementor-action%3Aaction%3Dlightbox%26settings%3DeyJpZCI6NTU4LCJ1cmwiOiJodHRwOlwvXC9kc291ZG9wbGF0b2ZmLmZyXC93cC1jb250ZW50XC91cGxvYWRzXC8yMDIwXC8xMVwvTUdfMDU2N18uanBnIiwic2xpZGVzaG93IjoiNGEzZTFlOSJ9\" href='http:\/\/dsoudoplatoff.fr\/wp-content\/uploads\/2020\/11\/MG_0567_.jpg'><img width=\"1500\" height=\"2000\" src=\"http:\/\/dsoudoplatoff.fr\/wp-content\/uploads\/2020\/11\/MG_0567_.jpg\" class=\"attachment-full size-full\" alt=\"\" loading=\"lazy\" srcset=\"http:\/\/dsoudoplatoff.fr\/wp-content\/uploads\/2020\/11\/MG_0567_.jpg 1500w, http:\/\/dsoudoplatoff.fr\/wp-content\/uploads\/2020\/11\/MG_0567_-416x555.jpg 416w, http:\/\/dsoudoplatoff.fr\/wp-content\/uploads\/2020\/11\/MG_0567_-225x300.jpg 225w, http:\/\/dsoudoplatoff.fr\/wp-content\/uploads\/2020\/11\/MG_0567_-768x1024.jpg 768w, http:\/\/dsoudoplatoff.fr\/wp-content\/uploads\/2020\/11\/MG_0567_-1152x1536.jpg 1152w\" sizes=\"(max-width: 1500px) 100vw, 1500px\" \/><\/a>\n\t\t\t<\/div><\/figure><figure class='gallery-item'>\n\t\t\t<div class='gallery-icon portrait'>\n\t\t\t\t<a data-elementor-open-lightbox=\"yes\" data-elementor-lightbox-slideshow=\"4a3e1e9\" data-elementor-lightbox-title=\"marbre et terre - 05cm H\" e-action-hash=\"#elementor-action%3Aaction%3Dlightbox%26settings%3DeyJpZCI6NTYxLCJ1cmwiOiJodHRwOlwvXC9kc291ZG9wbGF0b2ZmLmZyXC93cC1jb250ZW50XC91cGxvYWRzXC8yMDIwXC8xMVwvTUdfMDYyMi5qcGciLCJzbGlkZXNob3ciOiI0YTNlMWU5In0%3D\" href='http:\/\/dsoudoplatoff.fr\/wp-content\/uploads\/2020\/11\/MG_0622.jpg'><img width=\"1500\" height=\"2000\" src=\"http:\/\/dsoudoplatoff.fr\/wp-content\/uploads\/2020\/11\/MG_0622.jpg\" class=\"attachment-full size-full\" alt=\"\" loading=\"lazy\" srcset=\"http:\/\/dsoudoplatoff.fr\/wp-content\/uploads\/2020\/11\/MG_0622.jpg 1500w, http:\/\/dsoudoplatoff.fr\/wp-content\/uploads\/2020\/11\/MG_0622-416x555.jpg 416w, http:\/\/dsoudoplatoff.fr\/wp-content\/uploads\/2020\/11\/MG_0622-225x300.jpg 225w, http:\/\/dsoudoplatoff.fr\/wp-content\/uploads\/2020\/11\/MG_0622-768x1024.jpg 768w, http:\/\/dsoudoplatoff.fr\/wp-content\/uploads\/2020\/11\/MG_0622-1152x1536.jpg 1152w\" sizes=\"(max-width: 1500px) 100vw, 1500px\" \/><\/a>\n\t\t\t<\/div><\/figure>\n\t\t<\/div>\n\t\t<\/div>\n\t\t\t\t<\/div>\n\t\t\t\t<\/div>\n\t\t\t\t\t\t<\/div>\n\t\t\t\t\t<\/div>\n\t\t<\/div>\n\t\t\t\t\t\t\t\t<\/div>\n\t\t\t\t\t<\/div>\n\t\t<\/section>\n\t\t\t\t<section class=\"elementor-section elementor-top-section elementor-element elementor-element-b4029d1 elementor-section-boxed elementor-section-height-default elementor-section-height-default\" data-id=\"b4029d1\" data-element_type=\"section\">\n\t\t\t\t\t\t<div class=\"elementor-container elementor-column-gap-default\">\n\t\t\t\t\t\t\t<div class=\"elementor-row\">\n\t\t\t\t\t<div class=\"elementor-column elementor-col-100 elementor-top-column elementor-element elementor-element-9f37ba2\" data-id=\"9f37ba2\" data-element_type=\"column\">\n\t\t\t<div class=\"elementor-column-wrap elementor-element-populated\">\n\t\t\t\t\t\t\t<div class=\"elementor-widget-wrap\">\n\t\t\t\t\t\t<div class=\"elementor-element elementor-element-335f169 elementor-widget elementor-widget-image\" data-id=\"335f169\" data-element_type=\"widget\" data-widget_type=\"image.default\">\n\t\t\t\t<div class=\"elementor-widget-container\">\n\t\t\t\t\t\t\t\t<div class=\"elementor-image\">\n\t\t\t\t\t\t\t\t\t\t\t\t<img width=\"980\" height=\"784\" src=\"http:\/\/dsoudoplatoff.fr\/wp-content\/uploads\/2025\/03\/Dominique_Soudoplatoff_06-1-1024x819.jpeg\" class=\"attachment-large size-large\" alt=\"\" loading=\"lazy\" srcset=\"http:\/\/dsoudoplatoff.fr\/wp-content\/uploads\/2025\/03\/Dominique_Soudoplatoff_06-1-1024x819.jpeg 1024w, http:\/\/dsoudoplatoff.fr\/wp-content\/uploads\/2025\/03\/Dominique_Soudoplatoff_06-1-300x240.jpeg 300w, http:\/\/dsoudoplatoff.fr\/wp-content\/uploads\/2025\/03\/Dominique_Soudoplatoff_06-1-768x614.jpeg 768w, http:\/\/dsoudoplatoff.fr\/wp-content\/uploads\/2025\/03\/Dominique_Soudoplatoff_06-1-1536x1229.jpeg 1536w, http:\/\/dsoudoplatoff.fr\/wp-content\/uploads\/2025\/03\/Dominique_Soudoplatoff_06-1-2048x1638.jpeg 2048w\" sizes=\"(max-width: 980px) 100vw, 980px\" \/>\t\t\t\t\t\t\t\t\t\t\t\t\t\t<\/div>\n\t\t\t\t\t\t<\/div>\n\t\t\t\t<\/div>\n\t\t\t\t<div class=\"elementor-element elementor-element-4b3294d elementor-widget elementor-widget-image\" data-id=\"4b3294d\" data-element_type=\"widget\" data-widget_type=\"image.default\">\n\t\t\t\t<div class=\"elementor-widget-container\">\n\t\t\t\t\t\t\t\t<div class=\"elementor-image\">\n\t\t\t\t\t\t\t\t\t\t\t\t<img width=\"980\" height=\"784\" src=\"http:\/\/dsoudoplatoff.fr\/wp-content\/uploads\/2025\/03\/Dominique_Soudoplatoff_05-1-1024x819.jpeg\" class=\"attachment-large size-large\" alt=\"\" loading=\"lazy\" srcset=\"http:\/\/dsoudoplatoff.fr\/wp-content\/uploads\/2025\/03\/Dominique_Soudoplatoff_05-1-1024x819.jpeg 1024w, http:\/\/dsoudoplatoff.fr\/wp-content\/uploads\/2025\/03\/Dominique_Soudoplatoff_05-1-300x240.jpeg 300w, http:\/\/dsoudoplatoff.fr\/wp-content\/uploads\/2025\/03\/Dominique_Soudoplatoff_05-1-768x614.jpeg 768w, http:\/\/dsoudoplatoff.fr\/wp-content\/uploads\/2025\/03\/Dominique_Soudoplatoff_05-1-1536x1229.jpeg 1536w, http:\/\/dsoudoplatoff.fr\/wp-content\/uploads\/2025\/03\/Dominique_Soudoplatoff_05-1-2048x1638.jpeg 2048w\" sizes=\"(max-width: 980px) 100vw, 980px\" \/>\t\t\t\t\t\t\t\t\t\t\t\t\t\t<\/div>\n\t\t\t\t\t\t<\/div>\n\t\t\t\t<\/div>\n\t\t\t\t<div class=\"elementor-element elementor-element-0159d4b elementor-widget elementor-widget-image\" data-id=\"0159d4b\" data-element_type=\"widget\" data-widget_type=\"image.default\">\n\t\t\t\t<div class=\"elementor-widget-container\">\n\t\t\t\t\t\t\t\t<div class=\"elementor-image\">\n\t\t\t\t\t\t\t\t\t\t\t\t<img width=\"980\" height=\"784\" src=\"http:\/\/dsoudoplatoff.fr\/wp-content\/uploads\/2025\/03\/Dominique_Soudoplatoff_05-1024x819.jpeg\" class=\"attachment-large size-large\" alt=\"\" loading=\"lazy\" srcset=\"http:\/\/dsoudoplatoff.fr\/wp-content\/uploads\/2025\/03\/Dominique_Soudoplatoff_05-1024x819.jpeg 1024w, http:\/\/dsoudoplatoff.fr\/wp-content\/uploads\/2025\/03\/Dominique_Soudoplatoff_05-300x240.jpeg 300w, http:\/\/dsoudoplatoff.fr\/wp-content\/uploads\/2025\/03\/Dominique_Soudoplatoff_05-768x614.jpeg 768w, http:\/\/dsoudoplatoff.fr\/wp-content\/uploads\/2025\/03\/Dominique_Soudoplatoff_05-1536x1229.jpeg 1536w, http:\/\/dsoudoplatoff.fr\/wp-content\/uploads\/2025\/03\/Dominique_Soudoplatoff_05-2048x1638.jpeg 2048w\" sizes=\"(max-width: 980px) 100vw, 980px\" \/>\t\t\t\t\t\t\t\t\t\t\t\t\t\t<\/div>\n\t\t\t\t\t\t<\/div>\n\t\t\t\t<\/div>\n\t\t\t\t\t\t<\/div>\n\t\t\t\t\t<\/div>\n\t\t<\/div>\n\t\t\t\t\t\t\t\t<\/div>\n\t\t\t\t\t<\/div>\n\t\t<\/section>\n\t\t\t\t\t\t\t\t\t<\/div>\n\t\t\t<\/div>\n\t\t\t\t\t<\/div>\n\t\t","protected":false},"excerpt":{"rendered":"<p>SENSIBLES PRESENCES Sensibles pr\u00e9sences : figures ou visages, peints ou sculpt\u00e9s, comme n\u00e9s du dessin de la veine d&#8217;une pierre, de l&#8217;ar\u00eate vigoureuse d&#8217;un \u00e9clat de marbre, Dominique Soudoplatoff, en toute sobri\u00e9t\u00e9, saisit l&#8217;essence du visage pour en r\u00e9v\u00e9ler la vie. Ses figures humaines s&#8217;\u00e9l\u00e8vent, verticales intemporelles, lumineuses, minimales, \u00e9voquant tant la s\u00e9r\u00e9nit\u00e9 d&#8217;une pr\u00e9sence [&hellip;]<\/p>\n","protected":false},"author":1,"featured_media":0,"parent":0,"menu_order":0,"comment_status":"closed","ping_status":"closed","template":"","meta":[],"_links":{"self":[{"href":"http:\/\/dsoudoplatoff.fr\/index.php\/wp-json\/wp\/v2\/pages\/284"}],"collection":[{"href":"http:\/\/dsoudoplatoff.fr\/index.php\/wp-json\/wp\/v2\/pages"}],"about":[{"href":"http:\/\/dsoudoplatoff.fr\/index.php\/wp-json\/wp\/v2\/types\/page"}],"author":[{"embeddable":true,"href":"http:\/\/dsoudoplatoff.fr\/index.php\/wp-json\/wp\/v2\/users\/1"}],"replies":[{"embeddable":true,"href":"http:\/\/dsoudoplatoff.fr\/index.php\/wp-json\/wp\/v2\/comments?post=284"}],"version-history":[{"count":20,"href":"http:\/\/dsoudoplatoff.fr\/index.php\/wp-json\/wp\/v2\/pages\/284\/revisions"}],"predecessor-version":[{"id":1209,"href":"http:\/\/dsoudoplatoff.fr\/index.php\/wp-json\/wp\/v2\/pages\/284\/revisions\/1209"}],"wp:attachment":[{"href":"http:\/\/dsoudoplatoff.fr\/index.php\/wp-json\/wp\/v2\/media?parent=284"}],"curies":[{"name":"wp","href":"https:\/\/api.w.org\/{rel}","templated":true}]}}